) = 680*o + 2719. Calculate z(-4).
-1
Let k(f) = f**2 - 133*f + 137. Give k(1).
5
Let l(q) = q**3 - 17*q**2 - 2*q - 122. What is l(15)?
-602
Let h(v) = 83*v - 2672. Give h(32).
-16
Let z(f) = 55*f + 492. What is z(-9)?
-3
Let c(y) = 50*y - 2105. Calculate c(41).
-55
Let l(r) = -2*r**2 + 10*r - 87. What is l(6)?
-99
Let v(g) = g**3 + 21*g**2 + 36*g - 83. What is v(-18)?
241
Let s(b) = -b**3 + 52*b**2 + 112*b - 227. Give s(54).
-11
Let a(q) = -191*q - 749. Give a(-4).
15
Let r(j) = -94*j - 283. Calculate r(-3).
-1
Let d(i) = i**2 + 16*i - 51. What is d(-19)?
6
Let d(u) = u**3 - 2*u**2 - 19. Give d(4).
13
Let f(l) = -18*l - 336. What is f(-12)?
-120
Let v(c) = -9*c**2 - 134*c + 19. What is v(-15)?
4
Let g(j) = j**2 + 11*j - 26. Determine g(13).
286
Let b(p) = p**3 + 4*p**2 + 5*p + 1. Calculate b(-7).
-181
Let z(j) = -1303*j - 10389. Calculate z(-8).
35
Let d(x) = -32*x + 989. Calculate d(44).
-419
Let g(c) = 2*c**2 - 67*c + 263. Calculate g(4).
27
Let q(n) = -54*n + 877. Calculate q(13).
175
Let m(n) = n**3 + 137*n**2 - 147*n - 1266. What is m(-138)?
-24
Let x(q) = -133*q + 508. Give x(4).
-24
Let o(t) = t**2 - 2*t + 6. Calculate o(4).
14
Let s(x) = -44*x + 642. Determine s(14).
26
Let h(m) = -m**2 + 2*m + 356. Give h(20).
-4
Let w(o) = 17*o**2 - 166*o + 126. What is w(9)?
9
Let l(k) = 6*k + 85. Give l(-14).
1
Let k(x) = 49*x + 94. Determine k(-10).
-396
Let o(b) = -b**2 + 429*b + 3064. Calculate o(-7).
12
Let l(f) = 45*f + 935. Determine l(-18).
125
Let f(g) = 6*g**2 - 142*g + 17. Determine f(20).
-423
Let s(x) = -3*x**2 - 49*x + 60. Give s(-23).
-400
Let d(w) = 97*w + 93. What is d(-1)?
-4
Let r(l) = 62*l + 1578. Give r(-26).
-34
Let t(g) = -g**2 - 9*g - 50. What is t(-5)?
-30
Let a(n) = 2*n**3 + 24*n**2 - 15*n + 5. Calculate a(-13).
-138
Let l(u) = 60*u - 1049. Calculate l(19).
91
Let b(q) = -q**3 + 30*q**2 - 61*q + 120. Determine b(28).
-20
Let d(l) = -38*l**2 + 332*l - 225. What is d(8)?
-1
Let x(t) = -t**3 + 35*t**2 - 25*t + 696. Calculate x(35).
-179
Let i(x) = -3*x**2 - 18*x - 10. What is i(-4)?
14
Let c(y) = 26*y + 532. What is c(-25)?
-118
Let z(y) = -y**2 + 271*y - 6337. Determine z(245).
33
Let t(o) = 2*o**3 + 10*o**2 - 68*o - 293. Calculate t(-7).
-13
Let w(i) = -2*i**2 + 20*i - 44. Determine w(16).
-236
Let y(u) = 148*u + 2663. Determine y(-18).
-1
Let n(y) = 5*y**3 + 557*y**2 + 205*y - 1900. What is n(-111)?
-13
Let r(v) = -2267*v + 29475. Calculate r(13).
4
Let c(o) = o + 70. Determine c(-28).
42
Let a(t) = -t**3 - 39*t**2 + 25*t + 2460. Determine a(-38).
66
Let j(u) = 34*u + 1293. Give j(-39).
-33
Let c(x) = 65*x - 211. Calculate c(2).
-81
Let f(m) = 139*m - 201. Give f(-3).
-618
Let c(a) = 59*a + 65. What is c(3)?
242
Let j(r) = r**3 + 22*r**2 + 32*r - 33. Calculate j(-21).
-264
Let f(o) = -o**3 - 42*o**2 - 42*o - 51. Calculate f(-41).
-10
Let t(b) = -4*b**3 + 6*b**2 - 7*b - 4. Give t(-1).
13
Let o(s) = -592*s - 558. Give o(-1).
34
Let r(j) = -17*j - 132. Determine r(28).
-608
Let f(d) = 3*d - 42. Give f(16).
6
Let z(b) = 4*b**3 - 35*b**2 - 99*b + 5. Determine z(11).
5
Let o(h) = -92*h + 987. Determine o(11).
-25
Let n(h) = 79*h + 693. What is n(-9)?
-18
Let j(m) = -1282*m + 5068. What is j(4)?
-60
Let n(z) = -23*z**2 - 26*z + 54. Give n(2).
-90
Let o(g) = -g**2 - 2*g - 25. Give o(-10).
-105
Let u(g) = -15*g**2 - 16*g + 10. Calculate u(2).
-82
Let g(s) = 13857*s**2 + 27712*s - 4. What is g(-2)?
0
Let x(a) = 19*a + 253. Determine x(-7).
120
Let r(o) = 165*o**2 + 1173*o + 131. Give r(-7).
5
Let v(d) = -d**3 + 2*d**2 + 12*d + 16. Determine v(-6).
232
Let s(r) = -r**2 + 354*r - 704. Give s(2).
0
Let s(k) = 305*k + 5628. Determine s(-18).
138
Let v(p) = 30*p + 171. What is v(-7)?
-39
Let z(o) = -1812*o + 5433. Calculate z(3).
-3
Let f(l) = l**3 + 38*l**2 - 476*l - 18087. What is f(-38)?
1
Let t(h) = -39*h**2 + 3*h - 7. Give t(2).
-157
Let d(i) = -i**2 - 64*i - 419. Determine d(-56).
29
Let u(y) = y**3 + 34*y**2 + 204*y - 36. What is u(-8)?
-4
Let p(c) = -5*c**3 + 765*c**2 - 769*c + 1365. What is p(152)?
-3
Let g(q) = q**3 - 10*q + 8. Give g(3).
5
Let z(p) = -434*p - 3054. Determine z(-7).
-16
Let b(i) = -28*i**2 - 1181*i + 999. Give b(-43).
10
Let a(t) = -2*t**2 - 13*t + 99. Give a(-14).
-111
Let b(l) = l**3 + 9*l**2 + 7*l - 3. What is b(-3)?
30
Let r(v) = -96*v - 185. Calculate r(-2).
7
Let a(d) = 2*d**2 - 10*d - 98. Determine a(7).
-70
Let f(v) = v**3 + 151*v**2 + 715*v. What is f(-5)?
75
Let c(u) = 38*u**3 + 107*u**2 - 17*u + 6. Give c(-3).
-6
Let v(f) = -f**3 + 11*f**2 + 10*f - 197. Determine v(11).
-87
Let k(a) = 4*a**2 + 96*a + 66. Calculate k(-23).
-26
Let i(d) = 442*d - 45948. Determine i(104).
20
Let j(a) = 2*a**3 + 3*a**2 + 15*a + 25. Determine j(-2).
-9
Let k(a) = 6*a**2 + 108*a - 37. Determine k(-18).
-37
Let h(s) = -17*s**2 - 257*s - 39. Determine h(-15).
-9
Let w(l) = -l**3 + 2*l**2 + 3*l - 6. What is w(-2)?
4
Let v(d) = 2*d**2 + 56*d - 205. Determine v(-29).
-147
Let v(d) = 7*d**2 - 3*d - 1. What is v(-2)?
33
Let d(m) = -2*m**3 - 16*m**2 + 70*m + 453. What is d(-8)?
-107
Let g(q) = q**3 + 10*q**2 - 5*q - 38. Determine g(-10).
12
Let c(k) = -58*k**2 - 13227*k - 682. Calculate c(-228).
2
Let g(q) = q**2 + 11*q - 215. Calculate g(-19).
-63
Let m(v) = -6*v**2 - 72*v - 14. Determine m(-11).
52
Let n(g) = 2*g**2 - 35*g - 23. Determine n(18).
-5
Let o(v) = -93*v + 7614. What is o(80)?
174
Let s(u) = 2*u**3 - 11*u**2 + 31*u - 204. What is s(6)?
18
Let m(y) = -31*y + 510. What is m(33)?
-513
Let f(k) = -2*k**3 + 167*k**2 - 79*k - 166. Calculate f(83).
166
Let m(s) = 40*s**2 + 484*s + 14. What is m(-12)?
-34
Let w(h) = -640*h + 3022. Calculate w(5).
-178
Let f(a) = -28*a - 5. Calculate f(-15).
415
Let y(p) = -p**3 + 7*p**2 + 95*p + 104. Give y(13).
325
Let h(b) = 3*b**3 - 2*b**2 - 104*b + 204. Determine h(2).
12
Let z(m) = 2*m**3 + 34*m**2 - 106*m + 37. Calculate z(3).
79
Let w(n) = -10*n**2 + 9. Determine w(-3).
-81
Let b(o) = -19*o + 234. What is b(17)?
-89
Let r(j) = 146*j - 1174. What is r(8)?
-6
Let r(n) = -1735*n - 12146. Give r(-7).
-1
Let a(y) = -10*y**2 + 23*y - 118. Determine a(6).
-340
Let u(p) = -51*p - 310. Give u(-7).
47
Let a(u) = 4*u**3 + 216*u**2 - 218*u + 111. Give a(-55).
1
Let x(l) = l**3 - 20*l**2 + 38*l. Give x(3).
-39
Let u(y) = -y**2 + 7*y + 326. Calculate u(25).
-124
Let i(v) = -2*v**3 - 43*v**2 - 19*v + 34. Give i(-21).
-8
Let f(g) = 57*g - 94. What is f(-9)?
-607
Let v(s) = 5*s**3 - 29*s**2 - 4*s + 5. Give v(7).
271
Let s(o) = -4*o - 304. Calculate s(4).
-320
Let u(x) = -20*x + 303. What is u(19)?
-77
Let c(k) = k**2 - 53*k - 1268. Give c(-18).
10
Let o(t) = -8*t**3 + 2*t**2 - 7*t + 3. What is o(1)?
-10
Let s(o) = 40*o**2 - 146*o - 47. Determine s(4).
9
Let q(z) = 5*z**2 + 83*z + 37. Determine q(-15).
-83
Let y(l) = 5*l**3 + 723*l**2 - 290*l + 9. Determine y(-145).
9
Let g(t) = -t**3 - 14*t**2 + 86*t + 199. Calculate g(-17).
-396
Let x(v) = v**3 - 8*v**2 - 48*v + 18. Calculate x(-4).
18
Let c(a) = 7*a**2 + 223*a - 1590. What is c(6)?
0
Let r(w) = -534*w + 6978. What is r(13)?
36
Let b(x) = x**3 + 2*x - 39. Give b(0).
-39
Let c(r) = r**2 - 18*r + 26. What is c(12)?
-46
Let y(s) = -s**3 + s**2 - 21*s + 9. Calculate y(0).
9
Let j(p) = 18*p - 69. Calculate j(2).
-33
Let l(g) = -g**2 + 13*g + 79. Give l(-6).
-35
Let c(a) = -2*a**2 + 51*a - 42. Determine c(24).
30
Let a(i) = 4544*i - 9127. Give a(2).
-39
Let n(f) = f**3 - 35*f**2 - 134*f + 755. Calculate n(38).
-5
Let w(a) = a**2 + 94*a - 38. Determine w(0).
-38
Let w(x) = x**3 - 2*x**2 + 10*x - 49. Give w(3).
-10
Let u(h) = 14*h**2 - 687*h + 62. Calculate u(49).
13
Let t(n) = -2*n**3 - 47*n**2 + 647*n + 4. What is t(11)?
-1228
Let x(z) = 28*z**2 - 1145*z - 1299. Determine x(42).
3
Let k(f) = -48*f - 175. Give k(-4).
17
Let g(d) = 4*d**3 - 99*d**2 - 9*d - 109. Give g(25).
291
Let u(l) = -16*l + 584. Calculate u(22).
232
Let g(n) = -285*n + 695. Give g(2).
125
Let w(r) = r**3 + 7*r**2 - 9*r + 9. Give w(-11).
-376
Let z(q) = q**2 + 2535*q + 22761. Calculate z(-9).
27
Let x(t) = 6*t**2 - 129*t + 305. Give x(19).
20
Let g(k) = -5*k**2 + 250*k + 88. What is g(52)?
-432
Let x(d) = -264*d - 3100. Give x(-9).
-724
Let y(x) = 10*x**2 - 8*x + 10. Calculate y(0).
10
Let z(u) = 2*u**2 - 45*u - 136. Give z(-3).
17
Let a(j) = -230*j - 11497. Determine a(-50).
3
Let f